112 - -230311?
321023
In base 6, what is 103301 - -1302?
105003
In base 13, what is -116734 + -2?
-116736
In base 14, what is -1 + -6a42?
-6a43
In base 14, what is d - -1697?
16a6
In base 5, what is 1124303 + 0?
1124303
In base 10, what is -91 + -10501?
-10592
In base 13, what is 2468 + 44?
24ac
In base 15, what is 26 - 515?
-4de
In base 4, what is -10 - -11231133?
11231123
In base 6, what is 235 - 11344?
-11105
In base 14, what is -a7 + -a57?
-b20
In base 9, what is 454042 - 21?
454021
In base 16, what is -1 - 2ae9?
-2aea
In base 7, what is 1 - -4561?
4562
In base 6, what is -34205 - -30?
-34135
In base 13, what is 7 + -31a?
-313
In base 9, what is -438488 - 5?
-438504
In base 9, what is 5085 + -4?
5081
In base 16, what is -9 + -1ba?
-1c3
In base 15, what is 1812 - -5?
1817
In base 2, what is -1001101011101 - 1011011010?
-1011000110111
In base 2, what is 100 - 101101000011000110001?
-101101000011000101101
In base 11, what is 5 + 12332?
12337
In base 14, what is -8 + -63b7?
-63c1
In base 12, what is -31b1a - 16?
-31b34
In base 14, what is 3 + -121bd?
-121ba
In base 4, what is 12 - -230301121?
230301133
In base 16, what is 1004 + -236?
dce
In base 12, what is -49760 + 5?
-49757
In base 5, what is 12243220 - 1?
12243214
In base 7, what is 31606534 + -3?
31606531
In base 10, what is 2 - -3923?
3925
In base 9, what is -5 + -230781?
-230786
In base 11, what is 31 - -8501?
8532
In base 10, what is -245936 - 15?
-245951
In base 10, what is -236462 + 0?
-236462
In base 9, what is 1500448 + -5?
1500443
In base 12, what is -3 + 559b1?
559aa
In base 13, what is 7 + -412b?
-4124
In base 11, what is 20 + 5479?
5499
In base 12, what is 2b09 - 25?
2aa4
In base 10, what is 239514 - 4?
239510
In base 11, what is 203125 - -2?
203127
In base 14, what is 3 - -a35a7?
a35aa
In base 4, what is -3210030 + -10?
-3210100
In base 8, what is 4407203 + -1?
4407202
In base 4, what is 2 + -11131122?
-11131120
In base 8, what is -7005 - 13?
-7020
In base 5, what is -4022113 + 21?
-4022042
In base 12, what is -4 - 18554?
-18558
In base 10, what is 267 + 12730?
12997
In base 11, what is 1a59 + -4?
1a55
In base 16, what is -2e4a - -b?
-2e3f
In base 6, what is -13 + 10354?
10341
In base 12, what is 15182 + 4?
15186
In base 8, what is 62 - 416?
-334
In base 7, what is -3032301 - 20?
-3032321
In base 13, what is 2 + 3551c?
35521
In base 6, what is 5 + -154333?
-154324
In base 11, what is -192a - 48?
-1977
In base 14, what is 11c91c - b?
11c911
In base 2, what is 101010100011 + -101001111?
100101010100
In base 15, what is e9 - 1a1?
-a7
In base 7, what is 12 + 1140336?
1140351
In base 8, what is 2 - -300775?
300777
In base 14, what is -23 - 885?
-8a8
In base 8, what is -5343 - -146?
-5175
In base 12, what is -2 - -23b10?
23b0a
In base 4, what is 12210321112 + 1?
12210321113
In base 3, what is 121 - -121000111?
121001002
In base 7, what is -6563541 + 2?
-6563536
In base 2, what is 111011 - 110001010?
-101001111
In base 12, what is 4183 - -279?
4440
In base 13, what is -53a + 48?
-4c2
In base 8, what is 4 + 1604050?
1604054
In base 7, what is -551 - 1314?
-2165
In base 2, what is 11111 + 10100100000100?
10100100100011
In base 9, what is 68 - 272?
-203
In base 5, what is -2024 - 231?
-2310
In base 7, what is 13 + 255526?
255542
In base 16, what is 2c1 - -7?
2c8
In base 12, what is -8 + 41aa?
41a2
In base 9, what is 834882 - 1?
834881
In base 2, what is -1010011011 + 110110110?
-11100101
In base 15, what is -76bb - 1?
-76bc
In base 8, what is -5 + 6530?
6523
In base 15, what is -2 + 35e18?
35e16
In base 13, what is 12 + 93974?
93986
In base 8, what is -101 + -3027?
-3130
In base 8, what is -31 + -1272?
-1323
In base 15, what is -796 + 29?
-76c
In base 10, what is -199 + -2406?
-2605
In base 6, what is 15 - -53444?
53503
In base 16, what is -2 - -661e?
661c
In base 9, what is 4 + -21421?
-21416
In base 3, what is 211202 + -110021?
101111
In base 2, what is 1110010110011100 + -1010?
1110010110010010
In base 4, what is 21212 - -130331?
212203
In base 2, what is 10011101101000100 - 11?
10011101101000001
In base 2, what is -1000 + 1001011011101100110?
1001011011101011110
In base 16, what is -8e8b + 1?
-8e8a
In base 3, what is 11 + -1202200?
-1202112
In base 9, what is 516 + -238?
267
In base 11, what is 12a211 - 0?
12a211
In base 7, what is 412 - 151416?
-151004
In base 11, what is 3 - -16882?
16885
In base 2, what is 111110 - 1010011101101?
-1010010101111
In base 15, what is 1 - 251b?
-251a
In base 12, what is -5 + -2197?
-21a0
In base 9, what is 12373 - 12?
12361
In base 11, what is -1038 - 2?
-103a
In base 8, what is 4 - 6335704?
-6335700
In base 6, what is 15042 - 25?
15013
In base 15, what is -29a7a + -2?
-29a7c
In base 8, what is 7722 - -20?
7742
In base 6, what is -1425521 + -5?
-1425530
In base 4, what is -113321 - 33200?
-213121
In base 13, what is 64 - 128?
-94
In base 11, what is 11000 + -14?
10a97
In base 7, what is 41 - 150511?
-150440
In base 11, what is 198626 - -9?
198634
In base 5, what is -44 - -1220?
1121
In base 11, what is 3 - 4686aa?
-4686a7
In base 9, what is 26 + 136888?
137025
In base 2, what is 10 - -10111100100001?
10111100100011
In base 3, what is -1200110111011 - 2?
-1200110111020
In base 13, what is -15c6c - 1?
-15c70
In base 4, what is -20202 - -30033?
3231
In base 14, what is 0 + 3a78b?
3a78b
In base 13, what is -4 - -1030?
1029
In base 15, what is 993 - -4?
997
In base 8, what is -1434 + 160?
-1254
In base 9, what is 24 - -7548?
7573
In base 16, what is -6d71 - -3?
-6d6e
In base 11, what is 43446 + -5?
43441
In base 10, what is 1486 + 2?
1488
In base 16, what is -f0b3 + 0?
-f0b3
In base 5, what is 303 - 32?
221
In base 8, what is -71 + -16522?
-16613
In base 2, what is -10 + -110110111111010000?
-110110111111010010
In base 7, what is 220114 + -1?
220113
In base 10, what is -37 + -45460?
-45497
In base 12, what is 8735b - 1?
8735a
In base 15, what is 539ea2 - 5?
539e9c
In base 15, what is 6 - -6c76a?
6c771
In base 13, what is -29c8 - 9?
-2a04
In base 15, what is -16a4 - -5?
-169e
In base 10, what is 438 + 20?
458
In base 13, what is -1b535 - 3b?
-1b573
In base 2, what is 100010 - -100000100101?
100001000111
In base 7, what is -40 + 2432?
2362
In base 3, what is 12001001122 - -112?
12001002011
In base 16, what is 3f682 - 0?
3f682
In base 5, what is 1224230 - -10?
1224240
In base 15, what is -9067 - -15?
-9052
In base 7, what is -2210316 - 1?
-2210320
In base 9, what is 1403 - -100?
1503
In base 10, what is -9743 + -4?
-9747
In base 14, what is a5b + 46?
aa3
In base 9, what is 184253 - 0?
184253
In base 7, what is -5030114 - 5?
-5030122
In base 15, what is -2 + 6460?
645d
In base 4, what is 10 + -1221133220?
-1221133210
In base 4, what is -222 + 112010023?
112003201
In base 9, what is 812202 + -3?
812188
In base 6, what is 25300 + -32?
25224
In base 15, what is b2e9 + 2?
b2eb
In base 13, what is -3 - 178a0?
-178a3
In base 3, what is 22001021 - 210?
22000111
In base 14, what is -33 - -6486?
6453
In base 8, what is -3 + 5756?
5753
In base 8, what is 0 - 44163?
-44163
In base 12, what is 8 - -6416?
6422
In base 10, what is -61 - 14129?
-14190
In base 12, what is 3 - 7b84?
-7b81
In base 9, what is 481173 - -17?
481201
In base 15, what is -14d6cb - 3?
-14d6ce
In base 13, what is -14376a7 + -1?
-14376a8
In base 13, what is -6bc5 - -6?
-6bbc
In base 11, what is 22 - -3801?
3823
In base 15, what is -71 + 699?
628
In base 10, what is -818 + -22?
-840
In base 16, what is 6c6 + 10f?
7d5
In base 15, what is 2706c + 10?
2707c
In base 10, what is -683 + -342?
-1025
In base 3, what is 2020 + 20221112?
21000202
In base 14, what is -7c7b + -3d?
-7cba
In base 11, what is 3 + -75604?
-75601
In base 12, what is -11106 - -7?
-110bb
In base 8, what is 45075 - -2?
45077
In base 6, what is 44204513 + 3?
44204520
In base 3, what is 12120 + 10212202?
11002022
In base 11, what is -401234 - -1?
-401233
In base 2, what is 101 + -10011100010011?
-10011100001110
In base 16, what is 5d48 - 13?
5d35
In base 9, what is 7127 + 16?
7144
In base 14, what is c431 + 39?
c46a
In base 5, what is -124013 + -113?
-124131
In base 13, what is -335b9c + 0?
-335b9c
In base 3, what is 12212021101020 - 0?
12212021101020
In base 9, what is -2105 + 12?
-2083
In base 4, what is -133 - 30133011?
-30133210
In 